{"id":286,"date":"2024-01-07T16:06:51","date_gmt":"2024-01-07T15:06:51","guid":{"rendered":"https:\/\/centresaintdominique.ch\/?page_id=286"},"modified":"2026-01-04T21:28:43","modified_gmt":"2026-01-04T20:28:43","slug":"convivences","status":"publish","type":"page","link":"https:\/\/centresaintdominique.ch\/?page_id=286","title":{"rendered":"Convivences"},"content":{"rendered":"\n<figure class=\"wp-block-image size-large\"><img loading=\"lazy\" decoding=\"async\" width=\"1024\" height=\"762\" src=\"https:\/\/centresaintdominique.ch\/wp-content\/uploads\/2026\/01\/Capture-decran-2026-01-04-a-21.26.55-1024x762.png\" alt=\"\" class=\"wp-image-558\" srcset=\"https:\/\/centresaintdominique.ch\/wp-content\/uploads\/2026\/01\/Capture-decran-2026-01-04-a-21.26.55-1024x762.png 1024w, https:\/\/centresaintdominique.ch\/wp-content\/uploads\/2026\/01\/Capture-decran-2026-01-04-a-21.26.55-300x223.png 300w, https:\/\/centresaintdominique.ch\/wp-content\/uploads\/2026\/01\/Capture-decran-2026-01-04-a-21.26.55-768x572.png 768w, https:\/\/centresaintdominique.ch\/wp-content\/uploads\/2026\/01\/Capture-decran-2026-01-04-a-21.26.55-1536x1144.png 1536w, https:\/\/centresaintdominique.ch\/wp-content\/uploads\/2026\/01\/Capture-decran-2026-01-04-a-21.26.55-1170x871.png 1170w, https:\/\/centresaintdominique.ch\/wp-content\/uploads\/2026\/01\/Capture-decran-2026-01-04-a-21.26.55.png 1746w\" sizes=\"auto, (max-width: 1024px) 100vw, 1024px\" \/><\/figure>\n\n\n\n<figure class=\"wp-block-image size-large\"><img loading=\"lazy\" decoding=\"async\" width=\"1024\" height=\"761\" src=\"https:\/\/centresaintdominique.ch\/wp-content\/uploads\/2025\/06\/Capture-decran-2025-06-10-a-19.30.53-1-1024x761.png\" alt=\"\" class=\"wp-image-524\" srcset=\"https:\/\/centresaintdominique.ch\/wp-content\/uploads\/2025\/06\/Capture-decran-2025-06-10-a-19.30.53-1-1024x761.png 1024w, https:\/\/centresaintdominique.ch\/wp-content\/uploads\/2025\/06\/Capture-decran-2025-06-10-a-19.30.53-1-300x223.png 300w, https:\/\/centresaintdominique.ch\/wp-content\/uploads\/2025\/06\/Capture-decran-2025-06-10-a-19.30.53-1-768x571.png 768w, https:\/\/centresaintdominique.ch\/wp-content\/uploads\/2025\/06\/Capture-decran-2025-06-10-a-19.30.53-1-1536x1141.png 1536w, https:\/\/centresaintdominique.ch\/wp-content\/uploads\/2025\/06\/Capture-decran-2025-06-10-a-19.30.53-1-1170x869.png 1170w, https:\/\/centresaintdominique.ch\/wp-content\/uploads\/2025\/06\/Capture-decran-2025-06-10-a-19.30.53-1.png 1906w\" sizes=\"auto, (max-width: 1024px) 100vw, 1024px\" \/><\/figure>\n\n\n\n<h2 class=\"wp-block-heading\">Mat\u00e9riel liturgique \u00e0 disposition<\/h2>\n\n\n\n<p>Pr\u00e9paration de la salle:<\/p>\n\n\n\n<ul class=\"wp-block-list\">\n<li>Tapis<\/li>\n\n\n\n<li>Icone<\/li>\n\n\n\n<li>Triptique<\/li>\n\n\n\n<li>Lutrin et voile de lutrin.<\/li>\n\n\n\n<li>Croix<\/li>\n\n\n\n<li>Vases<\/li>\n<\/ul>\n\n\n\n<p>Chantres<\/p>\n\n\n\n<ul class=\"wp-block-list\">\n<li>2 Guitares avec capo d&#8217;astre<\/li>\n<\/ul>\n\n\n\n<p>Scrutation<\/p>\n\n\n\n<ul class=\"wp-block-list\">\n<li>10 bibles de J\u00e9rusalem pour la scrutation, plusieurs cat\u00e9chismes.<\/li>\n<\/ul>\n\n\n\n<p>Eucharistie<\/p>\n\n\n\n<ul class=\"wp-block-list\">\n<li>Livres liturgiques (fran\u00e7ais): Missel Romain, lectionnaires.<\/li>\n\n\n\n<li>Autel et nappes<\/li>\n\n\n\n<li>Chambre froide (pour fleurs).<\/li>\n\n\n\n<li>Four et cong\u00e9lateurs.<\/li>\n<\/ul>\n\n\n\n<p>Cat\u00e9ch\u00e8ses<\/p>\n\n\n\n<ul class=\"wp-block-list\">\n<li>White board &#8211; feutres.<\/li>\n<\/ul>\n\n\n\n<h2 class=\"wp-block-heading\">A pr\u00e9ciser \u00e0 la conciergerie<\/h2>\n\n\n\n<ul class=\"wp-block-list\">\n<li>Nombre de personnes et disposition souhait\u00e9e.<\/li>\n<\/ul>\n\n\n\n<h2 class=\"wp-block-heading\">Informatique<\/h2>\n\n\n\n<ul class=\"wp-block-list\">\n<li>Chariot avec \u00e9cran 86 pouces (2m de diagonale) avec c\u00e2ble HDMI<\/li>\n<\/ul>\n\n\n\n<figure class=\"wp-block-image size-large\"><img loading=\"lazy\" decoding=\"async\" width=\"1024\" height=\"773\" src=\"http:\/\/centresaintdominique.ch\/wp-content\/uploads\/2025\/08\/Capture-decran-2025-08-31-a-08.27.19-1024x773.png\" alt=\"\" class=\"wp-image-541\" srcset=\"https:\/\/centresaintdominique.ch\/wp-content\/uploads\/2025\/08\/Capture-decran-2025-08-31-a-08.27.19-1024x773.png 1024w, https:\/\/centresaintdominique.ch\/wp-content\/uploads\/2025\/08\/Capture-decran-2025-08-31-a-08.27.19-300x227.png 300w, https:\/\/centresaintdominique.ch\/wp-content\/uploads\/2025\/08\/Capture-decran-2025-08-31-a-08.27.19-768x580.png 768w, https:\/\/centresaintdominique.ch\/wp-content\/uploads\/2025\/08\/Capture-decran-2025-08-31-a-08.27.19-1536x1160.png 1536w, https:\/\/centresaintdominique.ch\/wp-content\/uploads\/2025\/08\/Capture-decran-2025-08-31-a-08.27.19-1170x884.png 1170w, https:\/\/centresaintdominique.ch\/wp-content\/uploads\/2025\/08\/Capture-decran-2025-08-31-a-08.27.19.png 1782w\" sizes=\"auto, (max-width: 1024px) 100vw, 1024px\" \/><\/figure>\n","protected":false},"excerpt":{"rendered":"<p>Mat\u00e9riel liturgique \u00e0 disposition Pr\u00e9paration de la salle: Chantres Scrutation Eucharistie Cat\u00e9ch\u00e8ses A pr\u00e9ciser \u00e0 la conciergerie Informatique<\/p>\n","protected":false},"author":1,"featured_media":560,"parent":0,"menu_order":0,"comment_status":"closed","ping_status":"closed","template":"","meta":{"footnotes":""},"class_list":["post-286","page","type-page","status-publish","has-post-thumbnail","hentry"],"_links":{"self":[{"href":"https:\/\/centresaintdominique.ch\/index.php?rest_route=\/wp\/v2\/pages\/286","targetHints":{"allow":["GET"]}}],"collection":[{"href":"https:\/\/centresaintdominique.ch\/index.php?rest_route=\/wp\/v2\/pages"}],"about":[{"href":"https:\/\/centresaintdominique.ch\/index.php?rest_route=\/wp\/v2\/types\/page"}],"author":[{"embeddable":true,"href":"https:\/\/centresaintdominique.ch\/index.php?rest_route=\/wp\/v2\/users\/1"}],"replies":[{"embeddable":true,"href":"https:\/\/centresaintdominique.ch\/index.php?rest_route=%2Fwp%2Fv2%2Fcomments&post=286"}],"version-history":[{"count":11,"href":"https:\/\/centresaintdominique.ch\/index.php?rest_route=\/wp\/v2\/pages\/286\/revisions"}],"predecessor-version":[{"id":561,"href":"https:\/\/centresaintdominique.ch\/index.php?rest_route=\/wp\/v2\/pages\/286\/revisions\/561"}],"wp:featuredmedia":[{"embeddable":true,"href":"https:\/\/centresaintdominique.ch\/index.php?rest_route=\/wp\/v2\/media\/560"}],"wp:attachment":[{"href":"https:\/\/centresaintdominique.ch\/index.php?rest_route=%2Fwp%2Fv2%2Fmedia&parent=286"}],"curies":[{"name":"wp","href":"https:\/\/api.w.org\/{rel}","templated":true}]}}

<figure class="wp-block-image size-large"><img loading="lazy" decoding="async" width="1024" height="762" src="https://centresaintdominique.ch/wp-content/uploads/2026/01/Capture-decran-2026-01-04-a-21.26.55-1024x762.png" alt="" class="wp-image-558" srcset="https://centresaintdominique.ch/wp-content/uploads/2026/01/Capture-decran-2026-01-04-a-21.26.55-1024x762.png 1024w, https://centresaintdominique.ch/wp-content/uploads/2026/01/Capture-decran-2026-01-04-a-21.26.55-300x223.png 300w, https://centresaintdominique.ch/wp-content/uploads/2026/01/Capture-decran-2026-01-04-a-21.26.55-768x572.png 768w, https://centresaintdominique.ch/wp-content/uploads/2026/01/Capture-decran-2026-01-04-a-21.26.55-1536x1144.png 1536w, https://centresaintdominique.ch/wp-content/uploads/2026/01/Capture-decran-2026-01-04-a-21.26.55-1170x871.png 1170w, https://centresaintdominique.ch/wp-content/uploads/2026/01/Capture-decran-2026-01-04-a-21.26.55.png 1746w" sizes="auto, (max-width: 1024px) 100vw, 1024px" /></figure>



<figure class="wp-block-image size-large"><img loading="lazy" decoding="async" width="1024" height="761" src="https://centresaintdominique.ch/wp-content/uploads/2025/06/Capture-decran-2025-06-10-a-19.30.53-1-1024x761.png" alt="" class="wp-image-524" srcset="https://centresaintdominique.ch/wp-content/uploads/2025/06/Capture-decran-2025-06-10-a-19.30.53-1-1024x761.png 1024w, https://centresaintdominique.ch/wp-content/uploads/2025/06/Capture-decran-2025-06-10-a-19.30.53-1-300x223.png 300w, https://centresaintdominique.ch/wp-content/uploads/2025/06/Capture-decran-2025-06-10-a-19.30.53-1-768x571.png 768w, https://centresaintdominique.ch/wp-content/uploads/2025/06/Capture-decran-2025-06-10-a-19.30.53-1-1536x1141.png 1536w, https://centresaintdominique.ch/wp-content/uploads/2025/06/Capture-decran-2025-06-10-a-19.30.53-1-1170x869.png 1170w, https://centresaintdominique.ch/wp-content/uploads/2025/06/Capture-decran-2025-06-10-a-19.30.53-1.png 1906w" sizes="auto, (max-width: 1024px) 100vw, 1024px" /></figure>



<h2 class="wp-block-heading">Matériel liturgique à disposition</h2>



<p>Préparation de la salle:</p>



<ul class="wp-block-list">
<li>Tapis</li>



<li>Icone</li>



<li>Triptique</li>



<li>Lutrin et voile de lutrin.</li>



<li>Croix</li>



<li>Vases</li>
</ul>



<p>Chantres</p>



<ul class="wp-block-list">
<li>2 Guitares avec capo d&#8217;astre</li>
</ul>



<p>Scrutation</p>



<ul class="wp-block-list">
<li>10 bibles de Jérusalem pour la scrutation, plusieurs catéchismes.</li>
</ul>



<p>Eucharistie</p>



<ul class="wp-block-list">
<li>Livres liturgiques (français): Missel Romain, lectionnaires.</li>



<li>Autel et nappes</li>



<li>Chambre froide (pour fleurs).</li>



<li>Four et congélateurs.</li>
</ul>



<p>Catéchèses</p>



<ul class="wp-block-list">
<li>White board &#8211; feutres.</li>
</ul>



<h2 class="wp-block-heading">A préciser à la conciergerie</h2>



<ul class="wp-block-list">
<li>Nombre de personnes et disposition souhaitée.</li>
</ul>



<h2 class="wp-block-heading">Informatique</h2>



<ul class="wp-block-list">
<li>Chariot avec écran 86 pouces (2m de diagonale) avec câble HDMI</li>
</ul>



<figure class="wp-block-image size-large"><img loading="lazy" decoding="async" width="1024" height="773" src="http://centresaintdominique.ch/wp-content/uploads/2025/08/Capture-decran-2025-08-31-a-08.27.19-1024x773.png" alt="" class="wp-image-541" srcset="https://centresaintdominique.ch/wp-content/uploads/2025/08/Capture-decran-2025-08-31-a-08.27.19-1024x773.png 1024w, https://centresaintdominique.ch/wp-content/uploads/2025/08/Capture-decran-2025-08-31-a-08.27.19-300x227.png 300w, https://centresaintdominique.ch/wp-content/uploads/2025/08/Capture-decran-2025-08-31-a-08.27.19-768x580.png 768w, https://centresaintdominique.ch/wp-content/uploads/2025/08/Capture-decran-2025-08-31-a-08.27.19-1536x1160.png 1536w, https://centresaintdominique.ch/wp-content/uploads/2025/08/Capture-decran-2025-08-31-a-08.27.19-1170x884.png 1170w, https://centresaintdominique.ch/wp-content/uploads/2025/08/Capture-decran-2025-08-31-a-08.27.19.png 1782w" sizes="auto, (max-width: 1024px) 100vw, 1024px" /></figure>

<p>Matériel liturgique à disposition Préparation de la salle: Chantres Scrutation Eucharistie Catéchèses A préciser à la conciergerie Informatique</p>
