{"id":139,"date":"2024-01-07T09:49:28","date_gmt":"2024-01-07T08:49:28","guid":{"rendered":"https:\/\/centresaintdominique.ch\/?page_id=139"},"modified":"2025-08-31T09:00:07","modified_gmt":"2025-08-31T07:00:07","slug":"salles","status":"publish","type":"page","link":"https:\/\/centresaintdominique.ch\/?page_id=139","title":{"rendered":"Salles"},"content":{"rendered":"\n<div class=\"wp-block-columns is-layout-flex wp-container-core-columns-is-layout-28f84493 wp-block-columns-is-layout-flex\">\n<div class=\"wp-block-column is-layout-flow wp-block-column-is-layout-flow\">\n<p class=\"has-text-align-right\"><strong>Chapelle<\/strong><br>80-100 personnes<br>Pr\u00e9sence R\u00e9elle<br>A disposition: mat\u00e9riel liturgique<br>Acc\u00e8s ascenceur &#8211; 3\u00e8me \u00e9tage<\/p>\n<\/div>\n\n\n\n<div class=\"wp-block-column is-layout-flow wp-block-column-is-layout-flow\">\n<figure class=\"wp-block-gallery has-nested-images columns-default is-cropped wp-block-gallery-1 is-layout-flex wp-block-gallery-is-layout-flex\">\n<figure class=\"wp-block-image size-large\"><img loading=\"lazy\" decoding=\"async\" width=\"1024\" height=\"768\" data-id=\"180\" src=\"https:\/\/centresaintdominique.ch\/wp-content\/uploads\/2024\/01\/Sans-titre-2-1024x768.jpg\" alt=\"\" class=\"wp-image-180\" srcset=\"https:\/\/centresaintdominique.ch\/wp-content\/uploads\/2024\/01\/Sans-titre-2-1024x768.jpg 1024w, https:\/\/centresaintdominique.ch\/wp-content\/uploads\/2024\/01\/Sans-titre-2-300x225.jpg 300w, https:\/\/centresaintdominique.ch\/wp-content\/uploads\/2024\/01\/Sans-titre-2-768x576.jpg 768w, https:\/\/centresaintdominique.ch\/wp-content\/uploads\/2024\/01\/Sans-titre-2-1170x878.jpg 1170w, https:\/\/centresaintdominique.ch\/wp-content\/uploads\/2024\/01\/Sans-titre-2.jpg 1224w\" sizes=\"auto, (max-width: 1024px) 100vw, 1024px\" \/><\/figure>\n\n\n\n<figure class=\"wp-block-image size-large\"><img loading=\"lazy\" decoding=\"async\" width=\"612\" height=\"459\" data-id=\"179\" src=\"https:\/\/centresaintdominique.ch\/wp-content\/uploads\/2024\/01\/chap2-1.jpg\" alt=\"\" class=\"wp-image-179\" srcset=\"https:\/\/centresaintdominique.ch\/wp-content\/uploads\/2024\/01\/chap2-1.jpg 612w, https:\/\/centresaintdominique.ch\/wp-content\/uploads\/2024\/01\/chap2-1-300x225.jpg 300w\" sizes=\"auto, (max-width: 612px) 100vw, 612px\" \/><\/figure>\n\n\n\n<figure class=\"wp-block-image size-large\"><img loading=\"lazy\" decoding=\"async\" width=\"612\" height=\"459\" data-id=\"181\" src=\"https:\/\/centresaintdominique.ch\/wp-content\/uploads\/2024\/01\/Sacristie.jpg\" alt=\"\" class=\"wp-image-181\" srcset=\"https:\/\/centresaintdominique.ch\/wp-content\/uploads\/2024\/01\/Sacristie.jpg 612w, https:\/\/centresaintdominique.ch\/wp-content\/uploads\/2024\/01\/Sacristie-300x225.jpg 300w\" sizes=\"auto, (max-width: 612px) 100vw, 612px\" \/><\/figure>\n<\/figure>\n<\/div>\n<\/div>\n\n\n\n<div class=\"wp-block-columns is-layout-flex wp-container-core-columns-is-layout-28f84493 wp-block-columns-is-layout-flex\">\n<div class=\"wp-block-column is-layout-flow wp-block-column-is-layout-flow\">\n<p class=\"has-text-align-right\"><strong>Salle de la Parole<br><\/strong>Jusqu&#8217;\u00e0 80 personnes<br>Premier \u00e9tage &#8211; Escalier Nord<br>Salle polyvalente.<br>Ecran 86 pouces (2m de diagonale).<br>Demander la disposition voulue \u00e0 la conciergerie (inclus dans forfait m\u00e9nage).<br><\/p>\n<\/div>\n\n\n\n<div class=\"wp-block-column is-layout-flow wp-block-column-is-layout-flow\">\n<figure class=\"wp-block-gallery has-nested-images columns-default is-cropped wp-block-gallery-2 is-layout-flex wp-block-gallery-is-layout-flex\">\n<figure class=\"wp-block-image size-large\"><img loading=\"lazy\" decoding=\"async\" width=\"1024\" height=\"761\" data-id=\"521\" src=\"http:\/\/centresaintdominique.ch\/wp-content\/uploads\/2025\/06\/Capture-decran-2025-06-10-a-19.30.53-1024x761.png\" alt=\"\" class=\"wp-image-521\" srcset=\"https:\/\/centresaintdominique.ch\/wp-content\/uploads\/2025\/06\/Capture-decran-2025-06-10-a-19.30.53-1024x761.png 1024w, https:\/\/centresaintdominique.ch\/wp-content\/uploads\/2025\/06\/Capture-decran-2025-06-10-a-19.30.53-300x223.png 300w, https:\/\/centresaintdominique.ch\/wp-content\/uploads\/2025\/06\/Capture-decran-2025-06-10-a-19.30.53-768x571.png 768w, https:\/\/centresaintdominique.ch\/wp-content\/uploads\/2025\/06\/Capture-decran-2025-06-10-a-19.30.53-1536x1141.png 1536w, https:\/\/centresaintdominique.ch\/wp-content\/uploads\/2025\/06\/Capture-decran-2025-06-10-a-19.30.53-1170x869.png 1170w, https:\/\/centresaintdominique.ch\/wp-content\/uploads\/2025\/06\/Capture-decran-2025-06-10-a-19.30.53.png 1906w\" sizes=\"auto, (max-width: 1024px) 100vw, 1024px\" \/><\/figure>\n<\/figure>\n<\/div>\n<\/div>\n\n\n\n<div class=\"wp-block-columns is-layout-flex wp-container-core-columns-is-layout-28f84493 wp-block-columns-is-layout-flex\">\n<div class=\"wp-block-column is-layout-flow wp-block-column-is-layout-flow\">\n<p class=\"has-text-align-right\"><strong>Salle Jean-Paul II<br><\/strong>Capacit\u00e9 120 personnes<br>Utilisation: jeux enfants (si pluie)<br>Mat\u00e9riel \u00e0 disposition: tapis de gymnastique<br>Sous-sol<\/p>\n<\/div>\n\n\n\n<div class=\"wp-block-column is-layout-flow wp-block-column-is-layout-flow\">\n<figure class=\"wp-block-gallery has-nested-images columns-default is-cropped wp-block-gallery-3 is-layout-flex wp-block-gallery-is-layout-flex\">\n<figure class=\"wp-block-image size-large\"><img loading=\"lazy\" decoding=\"async\" width=\"1024\" height=\"553\" data-id=\"291\" src=\"https:\/\/centresaintdominique.ch\/wp-content\/uploads\/2024\/01\/jp2-1024x553.png\" alt=\"\" class=\"wp-image-291\" srcset=\"https:\/\/centresaintdominique.ch\/wp-content\/uploads\/2024\/01\/jp2-1024x553.png 1024w, https:\/\/centresaintdominique.ch\/wp-content\/uploads\/2024\/01\/jp2-300x162.png 300w, https:\/\/centresaintdominique.ch\/wp-content\/uploads\/2024\/01\/jp2-768x415.png 768w, https:\/\/centresaintdominique.ch\/wp-content\/uploads\/2024\/01\/jp2-1536x830.png 1536w, https:\/\/centresaintdominique.ch\/wp-content\/uploads\/2024\/01\/jp2-1170x632.png 1170w, https:\/\/centresaintdominique.ch\/wp-content\/uploads\/2024\/01\/jp2.png 1644w\" sizes=\"auto, (max-width: 1024px) 100vw, 1024px\" \/><\/figure>\n<\/figure>\n<\/div>\n<\/div>\n\n\n\n<div class=\"wp-block-columns is-layout-flex wp-container-core-columns-is-layout-28f84493 wp-block-columns-is-layout-flex\">\n<div class=\"wp-block-column is-layout-flow wp-block-column-is-layout-flow\">\n<p class=\"has-text-align-right\"><strong>V\u00e9randa<\/strong><br>20 personnes<br>Acc\u00e8s Handicap\u00e9s &#8211; chauff\u00e9 &#8211; RdC<br>Lieu de d\u00e9tente<\/p>\n<\/div>\n\n\n\n<div class=\"wp-block-column is-layout-flow wp-block-column-is-layout-flow\">\n<figure class=\"wp-block-gallery has-nested-images columns-default is-cropped wp-block-gallery-4 is-layout-flex wp-block-gallery-is-layout-flex\">\n<figure class=\"wp-block-image size-large\"><img loading=\"lazy\" decoding=\"async\" width=\"1024\" height=\"895\" data-id=\"283\" src=\"https:\/\/centresaintdominique.ch\/wp-content\/uploads\/2024\/01\/vera-1024x895.jpg\" alt=\"\" class=\"wp-image-283\" srcset=\"https:\/\/centresaintdominique.ch\/wp-content\/uploads\/2024\/01\/vera-1024x895.jpg 1024w, https:\/\/centresaintdominique.ch\/wp-content\/uploads\/2024\/01\/vera-300x262.jpg 300w, https:\/\/centresaintdominique.ch\/wp-content\/uploads\/2024\/01\/vera-768x671.jpg 768w, https:\/\/centresaintdominique.ch\/wp-content\/uploads\/2024\/01\/vera.jpg 1050w\" sizes=\"auto, (max-width: 1024px) 100vw, 1024px\" \/><\/figure>\n\n\n\n<figure class=\"wp-block-image size-large\"><img loading=\"lazy\" decoding=\"async\" width=\"752\" height=\"1002\" data-id=\"104\" src=\"https:\/\/centresaintdominique.ch\/wp-content\/uploads\/2024\/01\/sales.jpg\" alt=\"\" class=\"wp-image-104\" srcset=\"https:\/\/centresaintdominique.ch\/wp-content\/uploads\/2024\/01\/sales.jpg 752w, https:\/\/centresaintdominique.ch\/wp-content\/uploads\/2024\/01\/sales-225x300.jpg 225w\" sizes=\"auto, (max-width: 752px) 100vw, 752px\" \/><\/figure>\n<\/figure>\n<\/div>\n<\/div>\n\n\n\n<div class=\"wp-block-columns is-layout-flex wp-container-core-columns-is-layout-28f84493 wp-block-columns-is-layout-flex\">\n<div class=\"wp-block-column is-layout-flow wp-block-column-is-layout-flow\">\n<p class=\"has-text-align-right\"><strong>Ext\u00e9rieur<\/strong><br>Terrain de foot (tennis)<br>Grand parc<br>Trampolin<\/p>\n<\/div>\n\n\n\n<div class=\"wp-block-column is-layout-flow wp-block-column-is-layout-flow\">\n<figure class=\"wp-block-image aligncenter size-full is-resized\"><img loading=\"lazy\" decoding=\"async\" width=\"405\" height=\"540\" src=\"http:\/\/centresaintdominique.ch\/wp-content\/uploads\/2024\/01\/f0.jpg\" alt=\"\" class=\"wp-image-295\" style=\"width:153px;height:auto\" srcset=\"https:\/\/centresaintdominique.ch\/wp-content\/uploads\/2024\/01\/f0.jpg 405w, https:\/\/centresaintdominique.ch\/wp-content\/uploads\/2024\/01\/f0-225x300.jpg 225w\" sizes=\"auto, (max-width: 405px) 100vw, 405px\" \/><\/figure>\n<\/div>\n\n\n\n<div class=\"wp-block-column is-layout-flow wp-block-column-is-layout-flow\">\n<figure class=\"wp-block-image size-large is-resized\"><img loading=\"lazy\" decoding=\"async\" width=\"674\" height=\"1024\" src=\"https:\/\/centresaintdominique.ch\/wp-content\/uploads\/2025\/06\/Capture-decran-2025-06-10-a-19.35.06-1-674x1024.png\" alt=\"\" class=\"wp-image-527\" style=\"width:129px;height:auto\" srcset=\"https:\/\/centresaintdominique.ch\/wp-content\/uploads\/2025\/06\/Capture-decran-2025-06-10-a-19.35.06-1-674x1024.png 674w, https:\/\/centresaintdominique.ch\/wp-content\/uploads\/2025\/06\/Capture-decran-2025-06-10-a-19.35.06-1-197x300.png 197w, https:\/\/centresaintdominique.ch\/wp-content\/uploads\/2025\/06\/Capture-decran-2025-06-10-a-19.35.06-1-768x1167.png 768w, https:\/\/centresaintdominique.ch\/wp-content\/uploads\/2025\/06\/Capture-decran-2025-06-10-a-19.35.06-1.png 932w\" sizes=\"auto, (max-width: 674px) 100vw, 674px\" \/><\/figure>\n<\/div>\n<\/div>\n\n\n\n<div class=\"wp-block-columns is-layout-flex wp-container-core-columns-is-layout-28f84493 wp-block-columns-is-layout-flex\">\n<div class=\"wp-block-column is-layout-flow wp-block-column-is-layout-flow\">\n<p class=\"has-text-align-right\"><strong>Biblioth\u00e8que<\/strong><br>6 personnes<br>Acc\u00e8s ascenceur &#8211; 3\u00e8me \u00e9tage<\/p>\n<\/div>\n\n\n\n<div class=\"wp-block-column is-layout-flow wp-block-column-is-layout-flow\">\n<figure class=\"wp-block-image size-full\"><img loading=\"lazy\" decoding=\"async\" width=\"828\" height=\"864\" src=\"http:\/\/centresaintdominique.ch\/wp-content\/uploads\/2025\/02\/biblio-2.jpg\" alt=\"\" class=\"wp-image-490\" srcset=\"https:\/\/centresaintdominique.ch\/wp-content\/uploads\/2025\/02\/biblio-2.jpg 828w, https:\/\/centresaintdominique.ch\/wp-content\/uploads\/2025\/02\/biblio-2-288x300.jpg 288w, https:\/\/centresaintdominique.ch\/wp-content\/uploads\/2025\/02\/biblio-2-768x801.jpg 768w\" sizes=\"auto, (max-width: 828px) 100vw, 828px\" \/><\/figure>\n<\/div>\n<\/div>\n","protected":false},"excerpt":{"rendered":"<p>Chapelle80-100 personnesPr\u00e9sence R\u00e9elleA disposition: mat\u00e9riel liturgiqueAcc\u00e8s ascenceur &#8211; 3\u00e8me \u00e9tage Salle de la ParoleJusqu&#8217;\u00e0 80 personnesPremier \u00e9tage &#8211; Escalier NordSalle polyvalente.Ecran 86 pouces (2m de diagonale).Demander la disposition voulue \u00e0 la conciergerie (inclus dans forfait m\u00e9nage). Salle Jean-Paul IICapacit\u00e9 120 personnesUtilisation: jeux enfants (si pluie)Mat\u00e9riel \u00e0 disposition: tapis de gymnastiqueSous-sol V\u00e9randa20 personnesAcc\u00e8s Handicap\u00e9s &#8211; chauff\u00e9 [&hellip;]<\/p>\n","protected":false},"author":1,"featured_media":289,"parent":0,"menu_order":0,"comment_status":"closed","ping_status":"closed","template":"","meta":{"footnotes":""},"class_list":["post-139","page","type-page","status-publish","has-post-thumbnail","hentry"],"_links":{"self":[{"href":"https:\/\/centresaintdominique.ch\/index.php?rest_route=\/wp\/v2\/pages\/139","targetHints":{"allow":["GET"]}}],"collection":[{"href":"https:\/\/centresaintdominique.ch\/index.php?rest_route=\/wp\/v2\/pages"}],"about":[{"href":"https:\/\/centresaintdominique.ch\/index.php?rest_route=\/wp\/v2\/types\/page"}],"author":[{"embeddable":true,"href":"https:\/\/centresaintdominique.ch\/index.php?rest_route=\/wp\/v2\/users\/1"}],"replies":[{"embeddable":true,"href":"https:\/\/centresaintdominique.ch\/index.php?rest_route=%2Fwp%2Fv2%2Fcomments&post=139"}],"version-history":[{"count":15,"href":"https:\/\/centresaintdominique.ch\/index.php?rest_route=\/wp\/v2\/pages\/139\/revisions"}],"predecessor-version":[{"id":549,"href":"https:\/\/centresaintdominique.ch\/index.php?rest_route=\/wp\/v2\/pages\/139\/revisions\/549"}],"wp:featuredmedia":[{"embeddable":true,"href":"https:\/\/centresaintdominique.ch\/index.php?rest_route=\/wp\/v2\/media\/289"}],"wp:attachment":[{"href":"https:\/\/centresaintdominique.ch\/index.php?rest_route=%2Fwp%2Fv2%2Fmedia&parent=139"}],"curies":[{"name":"wp","href":"https:\/\/api.w.org\/{rel}","templated":true}]}}

<div class="wp-block-columns is-layout-flex wp-container-core-columns-is-layout-28f84493 wp-block-columns-is-layout-flex">
<div class="wp-block-column is-layout-flow wp-block-column-is-layout-flow">
<p class="has-text-align-right"><strong>Chapelle</strong><br>80-100 personnes<br>Présence Réelle<br>A disposition: matériel liturgique<br>Accès ascenceur &#8211; 3ème étage</p>
</div>



<div class="wp-block-column is-layout-flow wp-block-column-is-layout-flow">
<figure class="wp-block-gallery has-nested-images columns-default is-cropped wp-block-gallery-1 is-layout-flex wp-block-gallery-is-layout-flex">
<figure class="wp-block-image size-large"><img loading="lazy" decoding="async" width="1024" height="768" data-id="180" src="https://centresaintdominique.ch/wp-content/uploads/2024/01/Sans-titre-2-1024x768.jpg" alt="" class="wp-image-180" srcset="https://centresaintdominique.ch/wp-content/uploads/2024/01/Sans-titre-2-1024x768.jpg 1024w, https://centresaintdominique.ch/wp-content/uploads/2024/01/Sans-titre-2-300x225.jpg 300w, https://centresaintdominique.ch/wp-content/uploads/2024/01/Sans-titre-2-768x576.jpg 768w, https://centresaintdominique.ch/wp-content/uploads/2024/01/Sans-titre-2-1170x878.jpg 1170w, https://centresaintdominique.ch/wp-content/uploads/2024/01/Sans-titre-2.jpg 1224w" sizes="auto, (max-width: 1024px) 100vw, 1024px" /></figure>



<figure class="wp-block-image size-large"><img loading="lazy" decoding="async" width="612" height="459" data-id="179" src="https://centresaintdominique.ch/wp-content/uploads/2024/01/chap2-1.jpg" alt="" class="wp-image-179" srcset="https://centresaintdominique.ch/wp-content/uploads/2024/01/chap2-1.jpg 612w, https://centresaintdominique.ch/wp-content/uploads/2024/01/chap2-1-300x225.jpg 300w" sizes="auto, (max-width: 612px) 100vw, 612px" /></figure>



<figure class="wp-block-image size-large"><img loading="lazy" decoding="async" width="612" height="459" data-id="181" src="https://centresaintdominique.ch/wp-content/uploads/2024/01/Sacristie.jpg" alt="" class="wp-image-181" srcset="https://centresaintdominique.ch/wp-content/uploads/2024/01/Sacristie.jpg 612w, https://centresaintdominique.ch/wp-content/uploads/2024/01/Sacristie-300x225.jpg 300w" sizes="auto, (max-width: 612px) 100vw, 612px" /></figure>
</figure>
</div>
</div>



<div class="wp-block-columns is-layout-flex wp-container-core-columns-is-layout-28f84493 wp-block-columns-is-layout-flex">
<div class="wp-block-column is-layout-flow wp-block-column-is-layout-flow">
<p class="has-text-align-right"><strong>Salle de la Parole<br></strong>Jusqu&#8217;à 80 personnes<br>Premier étage &#8211; Escalier Nord<br>Salle polyvalente.<br>Ecran 86 pouces (2m de diagonale).<br>Demander la disposition voulue à la conciergerie (inclus dans forfait ménage).<br></p>
</div>



<div class="wp-block-column is-layout-flow wp-block-column-is-layout-flow">
<figure class="wp-block-gallery has-nested-images columns-default is-cropped wp-block-gallery-2 is-layout-flex wp-block-gallery-is-layout-flex">
<figure class="wp-block-image size-large"><img loading="lazy" decoding="async" width="1024" height="761" data-id="521" src="http://centresaintdominique.ch/wp-content/uploads/2025/06/Capture-decran-2025-06-10-a-19.30.53-1024x761.png" alt="" class="wp-image-521" srcset="https://centresaintdominique.ch/wp-content/uploads/2025/06/Capture-decran-2025-06-10-a-19.30.53-1024x761.png 1024w, https://centresaintdominique.ch/wp-content/uploads/2025/06/Capture-decran-2025-06-10-a-19.30.53-300x223.png 300w, https://centresaintdominique.ch/wp-content/uploads/2025/06/Capture-decran-2025-06-10-a-19.30.53-768x571.png 768w, https://centresaintdominique.ch/wp-content/uploads/2025/06/Capture-decran-2025-06-10-a-19.30.53-1536x1141.png 1536w, https://centresaintdominique.ch/wp-content/uploads/2025/06/Capture-decran-2025-06-10-a-19.30.53-1170x869.png 1170w, https://centresaintdominique.ch/wp-content/uploads/2025/06/Capture-decran-2025-06-10-a-19.30.53.png 1906w" sizes="auto, (max-width: 1024px) 100vw, 1024px" /></figure>
</figure>
</div>
</div>



<div class="wp-block-columns is-layout-flex wp-container-core-columns-is-layout-28f84493 wp-block-columns-is-layout-flex">
<div class="wp-block-column is-layout-flow wp-block-column-is-layout-flow">
<p class="has-text-align-right"><strong>Salle Jean-Paul II<br></strong>Capacité 120 personnes<br>Utilisation: jeux enfants (si pluie)<br>Matériel à disposition: tapis de gymnastique<br>Sous-sol</p>
</div>



<div class="wp-block-column is-layout-flow wp-block-column-is-layout-flow">
<figure class="wp-block-gallery has-nested-images columns-default is-cropped wp-block-gallery-3 is-layout-flex wp-block-gallery-is-layout-flex">
<figure class="wp-block-image size-large"><img loading="lazy" decoding="async" width="1024" height="553" data-id="291" src="https://centresaintdominique.ch/wp-content/uploads/2024/01/jp2-1024x553.png" alt="" class="wp-image-291" srcset="https://centresaintdominique.ch/wp-content/uploads/2024/01/jp2-1024x553.png 1024w, https://centresaintdominique.ch/wp-content/uploads/2024/01/jp2-300x162.png 300w, https://centresaintdominique.ch/wp-content/uploads/2024/01/jp2-768x415.png 768w, https://centresaintdominique.ch/wp-content/uploads/2024/01/jp2-1536x830.png 1536w, https://centresaintdominique.ch/wp-content/uploads/2024/01/jp2-1170x632.png 1170w, https://centresaintdominique.ch/wp-content/uploads/2024/01/jp2.png 1644w" sizes="auto, (max-width: 1024px) 100vw, 1024px" /></figure>
</figure>
</div>
</div>



<div class="wp-block-columns is-layout-flex wp-container-core-columns-is-layout-28f84493 wp-block-columns-is-layout-flex">
<div class="wp-block-column is-layout-flow wp-block-column-is-layout-flow">
<p class="has-text-align-right"><strong>Véranda</strong><br>20 personnes<br>Accès Handicapés &#8211; chauffé &#8211; RdC<br>Lieu de détente</p>
</div>



<div class="wp-block-column is-layout-flow wp-block-column-is-layout-flow">
<figure class="wp-block-gallery has-nested-images columns-default is-cropped wp-block-gallery-4 is-layout-flex wp-block-gallery-is-layout-flex">
<figure class="wp-block-image size-large"><img loading="lazy" decoding="async" width="1024" height="895" data-id="283" src="https://centresaintdominique.ch/wp-content/uploads/2024/01/vera-1024x895.jpg" alt="" class="wp-image-283" srcset="https://centresaintdominique.ch/wp-content/uploads/2024/01/vera-1024x895.jpg 1024w, https://centresaintdominique.ch/wp-content/uploads/2024/01/vera-300x262.jpg 300w, https://centresaintdominique.ch/wp-content/uploads/2024/01/vera-768x671.jpg 768w, https://centresaintdominique.ch/wp-content/uploads/2024/01/vera.jpg 1050w" sizes="auto, (max-width: 1024px) 100vw, 1024px" /></figure>



<figure class="wp-block-image size-large"><img loading="lazy" decoding="async" width="752" height="1002" data-id="104" src="https://centresaintdominique.ch/wp-content/uploads/2024/01/sales.jpg" alt="" class="wp-image-104" srcset="https://centresaintdominique.ch/wp-content/uploads/2024/01/sales.jpg 752w, https://centresaintdominique.ch/wp-content/uploads/2024/01/sales-225x300.jpg 225w" sizes="auto, (max-width: 752px) 100vw, 752px" /></figure>
</figure>
</div>
</div>



<div class="wp-block-columns is-layout-flex wp-container-core-columns-is-layout-28f84493 wp-block-columns-is-layout-flex">
<div class="wp-block-column is-layout-flow wp-block-column-is-layout-flow">
<p class="has-text-align-right"><strong>Extérieur</strong><br>Terrain de foot (tennis)<br>Grand parc<br>Trampolin</p>
</div>



<div class="wp-block-column is-layout-flow wp-block-column-is-layout-flow">
<figure class="wp-block-image aligncenter size-full is-resized"><img loading="lazy" decoding="async" width="405" height="540" src="http://centresaintdominique.ch/wp-content/uploads/2024/01/f0.jpg" alt="" class="wp-image-295" style="width:153px;height:auto" srcset="https://centresaintdominique.ch/wp-content/uploads/2024/01/f0.jpg 405w, https://centresaintdominique.ch/wp-content/uploads/2024/01/f0-225x300.jpg 225w" sizes="auto, (max-width: 405px) 100vw, 405px" /></figure>
</div>



<div class="wp-block-column is-layout-flow wp-block-column-is-layout-flow">
<figure class="wp-block-image size-large is-resized"><img loading="lazy" decoding="async" width="674" height="1024" src="https://centresaintdominique.ch/wp-content/uploads/2025/06/Capture-decran-2025-06-10-a-19.35.06-1-674x1024.png" alt="" class="wp-image-527" style="width:129px;height:auto" srcset="https://centresaintdominique.ch/wp-content/uploads/2025/06/Capture-decran-2025-06-10-a-19.35.06-1-674x1024.png 674w, https://centresaintdominique.ch/wp-content/uploads/2025/06/Capture-decran-2025-06-10-a-19.35.06-1-197x300.png 197w, https://centresaintdominique.ch/wp-content/uploads/2025/06/Capture-decran-2025-06-10-a-19.35.06-1-768x1167.png 768w, https://centresaintdominique.ch/wp-content/uploads/2025/06/Capture-decran-2025-06-10-a-19.35.06-1.png 932w" sizes="auto, (max-width: 674px) 100vw, 674px" /></figure>
</div>
</div>



<div class="wp-block-columns is-layout-flex wp-container-core-columns-is-layout-28f84493 wp-block-columns-is-layout-flex">
<div class="wp-block-column is-layout-flow wp-block-column-is-layout-flow">
<p class="has-text-align-right"><strong>Bibliothèque</strong><br>6 personnes<br>Accès ascenceur &#8211; 3ème étage</p>
</div>



<div class="wp-block-column is-layout-flow wp-block-column-is-layout-flow">
<figure class="wp-block-image size-full"><img loading="lazy" decoding="async" width="828" height="864" src="http://centresaintdominique.ch/wp-content/uploads/2025/02/biblio-2.jpg" alt="" class="wp-image-490" srcset="https://centresaintdominique.ch/wp-content/uploads/2025/02/biblio-2.jpg 828w, https://centresaintdominique.ch/wp-content/uploads/2025/02/biblio-2-288x300.jpg 288w, https://centresaintdominique.ch/wp-content/uploads/2025/02/biblio-2-768x801.jpg 768w" sizes="auto, (max-width: 828px) 100vw, 828px" /></figure>
</div>
</div>

<p>Chapelle80-100 personnesPrésence RéelleA disposition: matériel liturgiqueAccès ascenceur &#8211; 3ème étage Salle de la ParoleJusqu&#8217;à 80 personnesPremier étage &#8211; Escalier NordSalle polyvalente.Ecran 86 pouces (2m de diagonale).Demander la disposition voulue à la conciergerie (inclus dans forfait ménage). Salle Jean-Paul IICapacité 120 personnesUtilisation: jeux enfants (si pluie)Matériel à disposition: tapis de gymnastiqueSous-sol Véranda20 personnesAccès Handicapés &#8211; chauffé [&hellip;]</p>
